36*w**2 - 23*w - 45. Let s be r(-18). What is the highest common factor of s and 5?
5
Let w be (-1 - -4)*(4 + -3). Let i(t) = -30*t. Let x be i(w). Let l be -2*(x - (3 + -5)). Calculate the greatest common factor of 22 and l.
22
Let n be (-7)/(-3) + 52/(-39). Let x = n - -1. Suppose x*s - 18 = -2*f, -2 = -s - 4*f + 19. What is the highest common factor of s and 2?
1
Let j be (9/12)/(1/24). Suppose -5*x + j = 3*f - 38, -5*x = -2*f + 79. Calculate the highest common factor of 135 and f.
27
Let r be ((-15)/10)/(6/(-16)). Suppose 0 = 4*j - r*n - 18 - 2, -1 = j + n. Suppose -g + 3 = -j. What is the greatest common factor of 5 and g?
5
Let u(a) = 114*a**2 + 20*a + 18. Let r be u(-1). What is the highest common divisor of r and 128?
16
Let l(m) = 10*m**2 - 13*m - 3. Let j be l(8). What is the greatest common divisor of j and 164?
41
Suppose 0 = -4*l - d - 11, -2*l + 2 = d + 5. Let y be (-31)/l + (-1)/(-4). Suppose -3*z = -2*z - 24. What is the highest common divisor of z and y?
8
Let y(j) = 22*j - 6. Let g be y(6). Suppose -3*v - 2*m = -10 - 36, -2*m - 80 = -4*v. What is the highest common factor of g and v?
18
Let z be 4/(-10) - 32/(-5). Let j = -123 - -127. Let v be ((-16)/(-2))/(j/6). Calculate the greatest common factor of v and z.
6
Let y be (0 - -2) + 0/(-1) - -61. Calculate the highest common divisor of 105 and y.
21
Let o(w) = w**3 + 4*w**2 + 2*w - 1. Let t be o(-2). Suppose 4*u - 25 = m, -4*m + 2*u - 25 = u. Let j = t - m. What is the greatest common divisor of j and 4?
4
Let t = -176 + 209. Calculate the highest common divisor of 231 and t.
33
Let f(j) = -10*j - 18. Let r be f(-3). Calculate the highest common factor of r and 100.
4
Let o = 2222 - 1715. Calculate the greatest common divisor of 13 and o.
13
Suppose 379 - 175 = z. What is the greatest common divisor of z and 136?
68
Let m(v) = 7*v**3 + 3*v**2 - 4*v. Let k be m(3). Let a = k - 112. What is the greatest common divisor of a and 138?
46
Let j be 95/(((-3)/6)/(6/(-12))). What is the greatest common divisor of j and 38?
19
Suppose 0 = a - 2*y - 83 + 21, a = -2*y + 66. What is the highest common factor of 2 and a?
2
Suppose -7*q + 2*q + 35 = 0. Suppose -t - 12 = -13*t. Suppose q = n + o + t, -2*n + 2*o = -32. What is the greatest common factor of n and 11?
11
Let m be 19/((-133)/(-1008)) - 11. Calculate the highest common divisor of m and 361.
19
Suppose -864*f + 861*f = -5*d - 17, 0 = -4*f + 3*d + 19. Let n = 7 + 1. Calculate the highest common divisor of n and f.
4
Let m be (40/60)/(2 - (-358)/(-180)). Calculate the greatest common divisor of 33 and m.
3
Let q(j) = -j - 3. Let s be q(2). Let i = 215 + s. Suppose 2*h + 154 = 4*d + d, -2*h = -3*d + 94. Calculate the highest common divisor of i and d.
30
Let i = 2 + 3. Suppose 0 = i*d - 10, 3*g - 5*d = -0*d + 134. Calculate the highest common divisor of g and 84.
12
Suppose 2*m + 4*z = 66, 5*m - 3*z - 2*z = 210. What is the highest common divisor of m and 507?
39
Suppose -p = 5*p - 18. Suppose -p*b + 16 + 104 = 0. What is the highest common factor of b and 4?
4
Suppose 18 = 11*i - 26. Suppose 3*k - 91 = i*a - 877, -5*k + 1000 = 5*a. What is the greatest common divisor of a and 18?
18
Let f be -9 - (-350 - (4 - 3)). Calculate the greatest common factor of f and 190.
38
Let j(w) = -w - 10. Let p be j(-11). Let k(a) = -4*a**2 + 1. Let c be k(p). Let v be ((-2)/c)/(6/72). What is the greatest common factor of 1 and v?
1
Let b = 12 - 7. Suppose -3*l - l + 293 = -b*m, -m = l - 80. Let s be (20/(-16) + 3)*4. Calculate the greatest common factor of s and l.
7
Suppose -4*x = -172 + 36. Let z = x - -87. What is the highest common divisor of 11 and z?
11
Let y(c) = -291*c - 4020. Let g be y(-14). Suppose -m + 4*m - 81 = 0. What is the highest common factor of g and m?
27
Let w(z) = z**3 + 15*z**2 - 8*z + 26. Let m be w(-13). Calculate the greatest common divisor of 36 and m.
36
Let n = -5 + 7. Let j = -217 + 219. Suppose -j*i - r + n*r + 27 = 0, -r = i - 21. What is the highest common divisor of 16 and i?
16
Suppose -5*s + 32 + 49 = 2*g, -4*g + 117 = -5*s. What is the highest common factor of g and 55?
11
Let u(i) be the third derivative of 13*i**4/12 - 2*i**3/3 - i**2. Let q be u(2). Calculate the greatest common factor of q and 120.
24
Let l be (-2)/1 + 10/3*345. What is the highest common factor of 56 and l?
28
Let f(q) = -q**2 - 24*q + 380. Let t be f(-34). What is the greatest common factor of 15 and t?
5
Let u = -12 - -9. Let k = 5 + u. Let g be 10/(-4)*(k - 6). Calculate the greatest common divisor of g and 110.
10
Let j be 72*(1 + (-3)/9). Suppose j = -m + 4*m. Let k be 12/m*2*26. Calculate the greatest common divisor of k and 13.
13
Suppose -15*f - 2432 = -53*f. Calculate the greatest common factor of 424 and f.
8
Suppose -4*g + 133 + 1011 = 0. Calculate the highest common factor of g and 39.
13
Let k be ((-23)/69 + 3)/((-2)/(-231)). What is the greatest common factor of 140 and k?
28
Suppose 4*a = -19 + 31, -4*n - a = -111. Suppose 0 = 5*l + 54 - 189. Calculate the highest common factor of n and l.
27
Let d(y) = -10*y**3 + y. Suppose 0*r - 4*r = -32. Let i = -9 + r. Let f be d(i). What is the greatest common factor of 3 and f?
3
Let x be -6 + 80 + (4 - -3). What is the greatest common divisor of x and 135?
27
Suppose 2 = -k + 3*k. Suppose m + 18 = 2*j, -2*j + m = -m - 22. Suppose -t + 4*d = -12, 5*t + 4*d - j = 5. What is the highest common divisor of k and t?
1
Suppose 3*r - 80 = -4*q - 10, -2*q = 10. Suppose 5*f + u = 203, f - 5*u = 2*f - 55. Calculate the highest common divisor of f and r.
10
Let f = 2 - -6. Let k = f - 3. Let p(w) = -w**2 - 25*w - 19. Let h be p(-24). Calculate the greatest common factor of h and k.
5
Suppose 4*r - 1001 = -281. Let q = 82 + -64. Calculate the highest common factor of q and r.
18
Let n(c) = -395*c**3 + 6*c**2 + 5*c. Let a be n(-1). Calculate the greatest common factor of 36 and a.
36
Let b be 0/2 + -4 + 8. Suppose -b*f = f - 700. Calculate the greatest common divisor of f and 20.
20
Let u(t) = -t**2 - 28*t - 61. Let d be u(-25). What is the highest common factor of d and 63?
7
Suppose 4*d + 110 = 4*g - 22, 0 = 5*g. Let s = 216 + d. What is the highest common factor of 61 and s?
61
Let z = -524 - -1382. Suppose 4*m + 2*s = -z, -4*m + s = 4*s + 861. Let g be 2/4 - m/6. Calculate the greatest common factor of 9 and g.
9
Let g(j) = -j + 10. Let t(a) = -3*a + 4. Let s be t(5). Let v be g(s). Calculate the highest common factor of v and 3.
3
Let t(l) = -24*l - 7. Suppose -3*m + 8 = -p, -2 = -0*m - m. Let v be t(p). What is the greatest common factor of v and 82?
41
Let a(j) = 6*j + 42. Let s be a(7). Let o be ((-2)/(-4))/((-2)/(-48)). Calculate the greatest common divisor of s and o.
12
Let t(r) = -r**2 - 13*r + 19. Let i be t(-14). Suppose 2*s = i*s - 42. Let u be (-2)/((-30)/28 - -1). Calculate the greatest common divisor of s and u.
14
Let r = -31 - -36. Let f be (-3)/9*(-165)/r. Suppose 0 = 5*s + 25, 5*z - 3*s + s = 560. What is the greatest common divisor of z and f?
11
Let l(m) = m**2 - 17*m + 38. Let q be l(16). What is the greatest common divisor of 220 and q?
22
Let z(u) = -u**3 + 25*u**2 - 21*u - 58. Let v be z(24). Suppose -144 = -20*y + v*y. What is the greatest common factor of y and 12?
12
Let b(y) = 58*y + 123. Let h be b(5). Calculate the greatest common divisor of h and 59.
59
Suppose 5*o - 899 = -b, -2*o = 5*b - 858 - 3522. Calculate the greatest common factor of 38 and b.
38
Let t(j) = 280*j**3 - j**2 + j - 1. Let h be t(1). Let w = -190 + h. Let p = 176 - w. Calculate the highest common divisor of 29 and p.
29
Let p(k) = k + 13. Let z be p(-9). Suppose x = -2 + z. What is the greatest common factor of x and 10?
2
Let o(l) = -l**2 - 17*l - 30. Let x be o(-15). Suppose -3*w = -4*d - 64, x*w - 2*d = -w + 20. What is the highest common divisor of w and 6?
6
Suppose 4*s + 12 = u - 0*u, 5*u - 3*s - 43 = 0. Suppose u*h - 90 = -18. Suppose 2*a - 3*a = -72. Calculate the greatest common factor of h and a.
9
Let k be (4/(-8))/(2/(-296)*-2). Let w = 41 + k. Calculate the highest common divisor of 32 and w.
4
Suppose 10*a = 5*a. Let p = a - -7. Suppose 5*o - 34 = 106. Calculate the highest common factor of o and p.
7
Suppose 3*a = -3*a + 672. Calculate the greatest common divisor of a and 16